{"id":8904,"date":"2018-08-22T12:12:45","date_gmt":"2018-08-22T11:12:46","guid":{"rendered":"https:\/\/www.griphos.net\/?post_type=product&#038;p=8904"},"modified":"2018-08-23T14:28:48","modified_gmt":"2018-08-23T13:28:48","slug":"busqueda-del-tesoro-al-abierto-en-el-jardin-el-tesoro-de-la-isla-que-no-existe","status":"publish","type":"product","link":"https:\/\/www.griphos.net\/arg\/product\/busqueda-del-tesoro-al-abierto-en-el-jardin-el-tesoro-de-la-isla-que-no-existe\/","title":{"rendered":"B\u00fasqueda del tesoro al abierto &#8211; en el jard\u00edn &#8211; el tesoro de la isla que no existe"},"content":{"rendered":"<p>B\u00fasqueda del tesoro al abierto &#8211; en el jard\u00edn &#8211; el tesoro de la isla que no existe<\/p>\n","protected":false},"excerpt":{"rendered":"<p>Todas las b\u00fasquedas del tesoro aqu\u00ed presentes incluyen acertijos para los escondites m\u00e1s comunes presentes en el\u00a0jard\u00edn de manera de contentar todos los padres que quieren organizar una b\u00fasqueda del tesoro al abierto para el propio hijo.<\/p>\n<p>Acerijos\u00a0: Bicicleta \u2013 Hoyo \u2013 Papel sanitario \u2013 Caseta \u2013 Flores \u2013Madera \u2013 Sombrilla \u2013 Escoba &#8211; Tumbona \u2013 Balde \u2013 Silla \u2013 Tendedero \u2013 Jarr\u00f3n &#8211;\u00a0\u00c1rbol \u2013 Mesa &#8211; Pelota<\/p>\n<p>Juego apto para ni\u00f1os de entre 7 y 12 a\u00f1os e incluso m\u00e1s peque\u00f1os, si se les ayuda.<\/p>\n<ul>\n<li>3 PDF Documento<\/li>\n<li>45 p\u00e1ginas<\/li>\n<li>Las instrucciones est\u00e1n incluidas.<\/li>\n<\/ul>\n<p>&nbsp;<\/p>\n","protected":false},"featured_media":8906,"comment_status":"closed","ping_status":"closed","template":"","meta":[],"product_cat":[180],"product_tag":[104],"class_list":{"0":"post-8904","1":"product","2":"type-product","3":"status-publish","4":"has-post-thumbnail","6":"product_cat-busquedas-del-tesoro-al-abierto-arg","7":"product_tag-busquedas-del-culpable-arg","9":"first","10":"instock","11":"downloadable","12":"virtual","13":"taxable","14":"purchasable","15":"product-type-simple"},"yoast_head":"<!-- This site is optimized with the Yoast SEO Premium plugin v22.5 (Yoast SEO v22.5) - https:\/\/yoast.com\/wordpress\/plugins\/seo\/ -->\n<title>B\u00fasqueda del tesoro al abierto - en el jard\u00edn - el tesoro de la isla que no existe - Griphos<\/title>\n<meta name=\"robots\" content=\"index, follow, max-snippet:-1, max-image-preview:large, max-video-preview:-1\" \/>\n<link rel=\"canonical\" href=\"https:\/\/www.griphos.net\/arg\/product\/busqueda-del-tesoro-al-abierto-en-el-jardin-el-tesoro-de-la-isla-que-no-existe\/\" \/>\n<meta property=\"og:locale\" content=\"es_ES\" \/>\n<meta property=\"og:type\" content=\"article\" \/>\n<meta property=\"og:title\" content=\"B\u00fasqueda del tesoro al abierto - en el jard\u00edn - el tesoro de la isla que no existe\" \/>\n<meta property=\"og:description\" content=\"Todas las b\u00fasquedas del tesoro aqu\u00ed presentes incluyen acertijos para los escondites m\u00e1s comunes presentes en el\u00a0jard\u00edn de manera de contentar todos los padres que quieren organizar una b\u00fasqueda del tesoro al abierto para el propio hijo.  Acerijos\u00a0: Bicicleta \u2013 Hoyo \u2013 Papel sanitario \u2013 Caseta \u2013 Flores \u2013Madera \u2013 Sombrilla \u2013 Escoba - Tumbona \u2013 Balde \u2013 Silla \u2013 Tendedero \u2013 Jarr\u00f3n -\u00a0\u00c1rbol \u2013 Mesa - Pelota  Juego apto para ni\u00f1os de entre 7 y 12 a\u00f1os e incluso m\u00e1s peque\u00f1os, si se les ayuda.   3 PDF Documento  45 p\u00e1ginas  Las instrucciones est\u00e1n incluidas.  &nbsp;\" \/>\n<meta property=\"og:url\" content=\"https:\/\/www.griphos.net\/arg\/product\/busqueda-del-tesoro-al-abierto-en-el-jardin-el-tesoro-de-la-isla-que-no-existe\/\" \/>\n<meta property=\"og:site_name\" content=\"Griphos\" \/>\n<meta property=\"article:modified_time\" content=\"2018-08-23T13:28:48+00:00\" \/>\n<meta property=\"og:image\" content=\"https:\/\/www.griphos.net\/wp-content\/uploads\/2018\/08\/1-jardin-arg.jpg\" \/>\n\t<meta property=\"og:image:width\" content=\"600\" \/>\n\t<meta property=\"og:image:height\" content=\"848\" \/>\n\t<meta property=\"og:image:type\" content=\"image\/jpeg\" \/>\n<meta name=\"twitter:card\" content=\"summary_large_image\" \/>\n<script type=\"application\/ld+json\" class=\"yoast-schema-graph\">{\"@context\":\"https:\/\/schema.org\",\"@graph\":[{\"@type\":\"WebPage\",\"@id\":\"https:\/\/www.griphos.net\/arg\/product\/busqueda-del-tesoro-al-abierto-en-el-jardin-el-tesoro-de-la-isla-que-no-existe\/\",\"url\":\"https:\/\/www.griphos.net\/arg\/product\/busqueda-del-tesoro-al-abierto-en-el-jardin-el-tesoro-de-la-isla-que-no-existe\/\",\"name\":\"B\u00fasqueda del tesoro al abierto - en el jard\u00edn - el tesoro de la isla que no existe - Griphos\",\"isPartOf\":{\"@id\":\"https:\/\/www.griphos.net\/arg\/#website\"},\"primaryImageOfPage\":{\"@id\":\"https:\/\/www.griphos.net\/arg\/product\/busqueda-del-tesoro-al-abierto-en-el-jardin-el-tesoro-de-la-isla-que-no-existe\/#primaryimage\"},\"image\":{\"@id\":\"https:\/\/www.griphos.net\/arg\/product\/busqueda-del-tesoro-al-abierto-en-el-jardin-el-tesoro-de-la-isla-que-no-existe\/#primaryimage\"},\"thumbnailUrl\":\"https:\/\/www.griphos.net\/wp-content\/uploads\/2018\/08\/1-jardin-arg.jpg\",\"datePublished\":\"2018-08-22T11:12:46+00:00\",\"dateModified\":\"2018-08-23T13:28:48+00:00\",\"breadcrumb\":{\"@id\":\"https:\/\/www.griphos.net\/arg\/product\/busqueda-del-tesoro-al-abierto-en-el-jardin-el-tesoro-de-la-isla-que-no-existe\/#breadcrumb\"},\"inLanguage\":\"es-AR\",\"potentialAction\":[{\"@type\":\"ReadAction\",\"target\":[\"https:\/\/www.griphos.net\/arg\/product\/busqueda-del-tesoro-al-abierto-en-el-jardin-el-tesoro-de-la-isla-que-no-existe\/\"]}]},{\"@type\":\"ImageObject\",\"inLanguage\":\"es-AR\",\"@id\":\"https:\/\/www.griphos.net\/arg\/product\/busqueda-del-tesoro-al-abierto-en-el-jardin-el-tesoro-de-la-isla-que-no-existe\/#primaryimage\",\"url\":\"https:\/\/www.griphos.net\/wp-content\/uploads\/2018\/08\/1-jardin-arg.jpg\",\"contentUrl\":\"https:\/\/www.griphos.net\/wp-content\/uploads\/2018\/08\/1-jardin-arg.jpg\",\"width\":600,\"height\":848},{\"@type\":\"BreadcrumbList\",\"@id\":\"https:\/\/www.griphos.net\/arg\/product\/busqueda-del-tesoro-al-abierto-en-el-jardin-el-tesoro-de-la-isla-que-no-existe\/#breadcrumb\",\"itemListElement\":[{\"@type\":\"ListItem\",\"position\":1,\"name\":\"Home\",\"item\":\"https:\/\/www.griphos.net\/arg\/\"},{\"@type\":\"ListItem\",\"position\":2,\"name\":\"Tienda\",\"item\":\"https:\/\/www.griphos.net\/arg\/tienda\/\"},{\"@type\":\"ListItem\",\"position\":3,\"name\":\"B\u00fasqueda del tesoro al abierto &#8211; en el jard\u00edn &#8211; el tesoro de la isla que no existe\"}]},{\"@type\":\"WebSite\",\"@id\":\"https:\/\/www.griphos.net\/arg\/#website\",\"url\":\"https:\/\/www.griphos.net\/arg\/\",\"name\":\"Griphos\",\"description\":\"The new entertainment\",\"potentialAction\":[{\"@type\":\"SearchAction\",\"target\":{\"@type\":\"EntryPoint\",\"urlTemplate\":\"https:\/\/www.griphos.net\/arg\/?s={search_term_string}\"},\"query-input\":\"required name=search_term_string\"}],\"inLanguage\":\"es-AR\"}]}<\/script>\n<!-- \/ Yoast SEO Premium plugin. -->","yoast_head_json":{"title":"B\u00fasqueda del tesoro al abierto - en el jard\u00edn - el tesoro de la isla que no existe - Griphos","robots":{"index":"index","follow":"follow","max-snippet":"max-snippet:-1","max-image-preview":"max-image-preview:large","max-video-preview":"max-video-preview:-1"},"canonical":"https:\/\/www.griphos.net\/arg\/product\/busqueda-del-tesoro-al-abierto-en-el-jardin-el-tesoro-de-la-isla-que-no-existe\/","og_locale":"es_ES","og_type":"article","og_title":"B\u00fasqueda del tesoro al abierto - en el jard\u00edn - el tesoro de la isla que no existe","og_description":"Todas las b\u00fasquedas del tesoro aqu\u00ed presentes incluyen acertijos para los escondites m\u00e1s comunes presentes en el\u00a0jard\u00edn de manera de contentar todos los padres que quieren organizar una b\u00fasqueda del tesoro al abierto para el propio hijo.  Acerijos\u00a0: Bicicleta \u2013 Hoyo \u2013 Papel sanitario \u2013 Caseta \u2013 Flores \u2013Madera \u2013 Sombrilla \u2013 Escoba - Tumbona \u2013 Balde \u2013 Silla \u2013 Tendedero \u2013 Jarr\u00f3n -\u00a0\u00c1rbol \u2013 Mesa - Pelota  Juego apto para ni\u00f1os de entre 7 y 12 a\u00f1os e incluso m\u00e1s peque\u00f1os, si se les ayuda.   3 PDF Documento  45 p\u00e1ginas  Las instrucciones est\u00e1n incluidas.  &nbsp;","og_url":"https:\/\/www.griphos.net\/arg\/product\/busqueda-del-tesoro-al-abierto-en-el-jardin-el-tesoro-de-la-isla-que-no-existe\/","og_site_name":"Griphos","article_modified_time":"2018-08-23T13:28:48+00:00","og_image":[{"width":600,"height":848,"url":"https:\/\/www.griphos.net\/wp-content\/uploads\/2018\/08\/1-jardin-arg.jpg","type":"image\/jpeg"}],"twitter_card":"summary_large_image","schema":{"@context":"https:\/\/schema.org","@graph":[{"@type":"WebPage","@id":"https:\/\/www.griphos.net\/arg\/product\/busqueda-del-tesoro-al-abierto-en-el-jardin-el-tesoro-de-la-isla-que-no-existe\/","url":"https:\/\/www.griphos.net\/arg\/product\/busqueda-del-tesoro-al-abierto-en-el-jardin-el-tesoro-de-la-isla-que-no-existe\/","name":"B\u00fasqueda del tesoro al abierto - en el jard\u00edn - el tesoro de la isla que no existe - Griphos","isPartOf":{"@id":"https:\/\/www.griphos.net\/arg\/#website"},"primaryImageOfPage":{"@id":"https:\/\/www.griphos.net\/arg\/product\/busqueda-del-tesoro-al-abierto-en-el-jardin-el-tesoro-de-la-isla-que-no-existe\/#primaryimage"},"image":{"@id":"https:\/\/www.griphos.net\/arg\/product\/busqueda-del-tesoro-al-abierto-en-el-jardin-el-tesoro-de-la-isla-que-no-existe\/#primaryimage"},"thumbnailUrl":"https:\/\/www.griphos.net\/wp-content\/uploads\/2018\/08\/1-jardin-arg.jpg","datePublished":"2018-08-22T11:12:46+00:00","dateModified":"2018-08-23T13:28:48+00:00","breadcrumb":{"@id":"https:\/\/www.griphos.net\/arg\/product\/busqueda-del-tesoro-al-abierto-en-el-jardin-el-tesoro-de-la-isla-que-no-existe\/#breadcrumb"},"inLanguage":"es-AR","potentialAction":[{"@type":"ReadAction","target":["https:\/\/www.griphos.net\/arg\/product\/busqueda-del-tesoro-al-abierto-en-el-jardin-el-tesoro-de-la-isla-que-no-existe\/"]}]},{"@type":"ImageObject","inLanguage":"es-AR","@id":"https:\/\/www.griphos.net\/arg\/product\/busqueda-del-tesoro-al-abierto-en-el-jardin-el-tesoro-de-la-isla-que-no-existe\/#primaryimage","url":"https:\/\/www.griphos.net\/wp-content\/uploads\/2018\/08\/1-jardin-arg.jpg","contentUrl":"https:\/\/www.griphos.net\/wp-content\/uploads\/2018\/08\/1-jardin-arg.jpg","width":600,"height":848},{"@type":"BreadcrumbList","@id":"https:\/\/www.griphos.net\/arg\/product\/busqueda-del-tesoro-al-abierto-en-el-jardin-el-tesoro-de-la-isla-que-no-existe\/#breadcrumb","itemListElement":[{"@type":"ListItem","position":1,"name":"Home","item":"https:\/\/www.griphos.net\/arg\/"},{"@type":"ListItem","position":2,"name":"Tienda","item":"https:\/\/www.griphos.net\/arg\/tienda\/"},{"@type":"ListItem","position":3,"name":"B\u00fasqueda del tesoro al abierto &#8211; en el jard\u00edn &#8211; el tesoro de la isla que no existe"}]},{"@type":"WebSite","@id":"https:\/\/www.griphos.net\/arg\/#website","url":"https:\/\/www.griphos.net\/arg\/","name":"Griphos","description":"The new entertainment","potentialAction":[{"@type":"SearchAction","target":{"@type":"EntryPoint","urlTemplate":"https:\/\/www.griphos.net\/arg\/?s={search_term_string}"},"query-input":"required name=search_term_string"}],"inLanguage":"es-AR"}]}},"_links":{"self":[{"href":"https:\/\/www.griphos.net\/arg\/wp-json\/wp\/v2\/product\/8904","targetHints":{"allow":["GET"]}}],"collection":[{"href":"https:\/\/www.griphos.net\/arg\/wp-json\/wp\/v2\/product"}],"about":[{"href":"https:\/\/www.griphos.net\/arg\/wp-json\/wp\/v2\/types\/product"}],"replies":[{"embeddable":true,"href":"https:\/\/www.griphos.net\/arg\/wp-json\/wp\/v2\/comments?post=8904"}],"wp:featuredmedia":[{"embeddable":true,"href":"https:\/\/www.griphos.net\/arg\/wp-json\/wp\/v2\/media\/8906"}],"wp:attachment":[{"href":"https:\/\/www.griphos.net\/arg\/wp-json\/wp\/v2\/media?parent=8904"}],"wp:term":[{"taxonomy":"product_cat","embeddable":true,"href":"https:\/\/www.griphos.net\/arg\/wp-json\/wp\/v2\/product_cat?post=8904"},{"taxonomy":"product_tag","embeddable":true,"href":"https:\/\/www.griphos.net\/arg\/wp-json\/wp\/v2\/product_tag?post=8904"}],"curies":[{"name":"wp","href":"https:\/\/api.w.org\/{rel}","templated":true}]}}